 j?
7
Suppose -101*i + 376538 + 6606697 = -615500. What is the hundreds digit of i?
2
Let f(u) = -3*u**2 - 7*u - 13. Let q(s) = 2*s**2. Let t(m) = f(m) + 2*q(m). Let h be t(-2). Suppose 0 = -h*d + 10*d - 475. What is the tens digit of d?
9
Suppose -3*f - 7277 = -8*f - 2*n, -2914 = -2*f - 4*n. What is the units digit of f?
5
Let u = 91528 + -32438. What is the units digit of u?
0
Let u(l) be the second derivative of -3*l**5/20 - 3*l**4/4 - 7*l**3/6 + 4*l**2 + 2*l + 26. What is the hundreds digit of u(-5)?
1
Suppose -129*s = -2418711 - 1811457. What is the units digit of s?
2
Let q(b) be the second derivative of -65*b**3/2 - 57*b**2/2 + 257*b. What is the units digit of q(-8)?
3
Let v be (-5)/(-2) - 820/40. What is the units digit of (-20917)/(-117) + ((-4)/v)/1?
9
Suppose -4*t = -3*b + 63145, 84191 = 2*b + 2*b - 3*t. Suppose -26*g = -27027 - b. What is the thousands digit of g?
1
Let f = 67023 + -46116. What is the units digit of f?
7
Let g be (55/(-20) + -8)/((-2)/40). Let l = g + 378. What is the tens digit of l?
9
Let z(s) = -2*s**2 + s. Let y(o) = -27*o**3 - 6*o - 1. Let m(c) = -y(c) - 3*z(c). What is the hundreds digit of m(3)?
7
What is the thousands digit of (-3310)/(-1) + (-493 - -475)?
3
Suppose f + 15645 = 4*f + 4*b, -5*b = 4*f - 20860. What is the units digit of f?
5
Let t = 4578 - 2537. Suppose 3*a + 10*a = t. What is the units digit of a?
7
Let m = -3248 - -8224. What is the units digit of m?
6
Let f(j) = j**3 + 4*j**2 - 13*j - 3. Let d be 2/11 + 884/(-143). Let c be f(d). What is the units digit of (-2 - -3 - c/2)*-106?
3
Suppose -24185 = -10*h + 2185. What is the units digit of h*(-30)/(-27)*(-18)/(-30)?
8
What is the units digit of 16/456 - 23173164/(-2052)?
3
Let q = -3 - -8. Let r be 605/75 - 25/375. Suppose 0 = -g + y + r, 2*g + q*y + 33 = 6*g. What is the units digit of g?
7
Suppose 2*d - 1 = 7, 4*z + 5*d = 1812. Let f = 513 - 344. Let a = z - f. What is the hundreds digit of a?
2
Suppose 4*r - 6 = 2*v - 4*v, 5*v + 13 = 4*r. Suppose r*m - 6*m - 1738 = -3*w, 0 = -2*w - m + 1166. What is the units digit of w?
2
Let f be (-6)/((-3 + (-39)/(-9))/(-14)). Let m = f + -63. Let c(a) = a**2 - 3*a + 109. What is the tens digit of c(m)?
0
Suppose -r - 96 = -17*r. Let f(d) = 4*d + 6*d**2 - 56 - 12*d**2 + 13*d**2. What is the hundreds digit of f(r)?
2
Let j = 5895 + 6389. What is the ten thousands digit of j?
1
Suppose 0 = -n - a + 6341, -6*a - 27 = -33. What is the units digit of n?
0
Let t(q) = q**2 - 6*q + 8. Let v be t(5). Let o be ((-11)/v - -4)/(1/6). Suppose o*n - 176 = 108. What is the tens digit of n?
4
Suppose -4*v = -v + b - 11, -2*b = 2*v - 2. Suppose -4*o - 184 = -5*o + 5*h, 0 = -v*h - 10. What is the units digit of o?
4
Suppose -40*p + 37*p + 12 = 0. Suppose -t - p*t = -2400. What is the tens digit of t?
8
Suppose -4*x + 422 + 962 = 0. What is the thousands digit of (x/5)/((-8)/(-140))?
1
Suppose 0 = 10*w - 52226 + 12835 - 27189. What is the tens digit of w?
5
Let s be ((-120)/42)/(4/(-14)). Let k(z) = z**2 - 6*z + 7. Let d be k(s). Suppose -d = -2*i + 17. What is the units digit of i?
2
Let n be 4/1 - (4 - 7). Suppose -19*d + 6612 = -n*d. What is the hundreds digit of d?
5
Let y be ((1 - 2) + 5 + -3)*-1439. Let d = y + 2687. What is the tens digit of d?
4
Suppose -6*g + g = p - 130, -3*g - 2*p + 85 = 0. Suppose -20 = 4*z, w - 2*z - 6 = g. Suppose -70 = -o + w. What is the units digit of o?
1
What is the hundreds digit of (-780726)/(-198) + 12/(-198) + -7?
9
Let u = 10428 - 3540. What is the thousands digit of u?
6
Let w be ((-6)/(-4))/(-6 + (-117)/(-20)). Let h(a) = -a**3 - 9*a**2 + 12*a + 22. Let i be h(w). Suppose -s + i*s = 229. What is the hundreds digit of s?
2
Let s(d) = -2323*d**3 - d**2 - 13*d - 12. What is the hundreds digit of s(-1)?
3
Let u = -1306 + 2096. What is the units digit of u?
0
Suppose 179041 = -15*r + 463231. What is the ten thousands digit of r?
1
Suppose -18*z - 60232 = -1577650. What is the hundreds digit of z?
3
Suppose 0 = 7*t - 15*t - 160. Let l = t + 24. What is the units digit of -2 - 99/(3 - l)?
7
Suppose 2*t = -6, 0*x - 5*t - 30 = -5*x. Suppose 0 = -x*p + 2621 + 2377. What is the thousands digit of p?
1
Suppose -4*t + 2*o - 1138 = 0, 4*t - 5*o = 7*t + 886. Let j = t + 655. Suppose j = 3*h - 334. What is the tens digit of h?
3
Suppose -5*m + 11946 = -4*u, -4*u = -2*m + 5*m - 7142. Suppose 0 = -21*r + m + 2087. What is the units digit of r?
3
Let g(z) = z + 1. Let f(r) = -6*r + 3. Let t(j) = -3*f(j) - 12*g(j). Let v be t(5). What is the tens digit of v/((26/(-585))/((-2)/3))?
3
Let d(z) = 8*z + 6. Let f be d(0). What is the tens digit of (5 - -112)*(22/f - 1)?
1
Suppose -144*s + 3985 = -142*s - 2883. What is the thousands digit of s?
3
Suppose -3*d = -4*v - 0*d, 5*v = d. Let w(g) = g + 37 - 19 + 57 + 2 + 8. What is the units digit of w(v)?
5
Suppose 15*x - 56 = 8*x. Let d(z) = z**2 + 2*z + 13. What is the tens digit of d(x)?
9
Let y be 98*(5 - -1)*176/66. Suppose 4*a = 6*r - 2*r + y, -a + 4*r = -377. What is the units digit of a?
7
Let y be 15/(-10)*(4/(-6) + -2). Let i(q) = -9*q + 38. Let k be i(y). Suppose -420 = -k*p - 56. What is the tens digit of p?
8
Let r = -471 - -471. What is the tens digit of 28100/500 + 2/(-10) + r?
5
Let y = -31 - 48. Let n(t) = -t**3 + 5*t + 7. Let j be n(-6). Let i = y + j. What is the tens digit of i?
1
Suppose 4*z - 21 = 4655. Let l(x) = -11*x**3 + 45*x**2 - x - 10. Let p be l(4). Suppose -z = -5*v + p*y + y, 233 = v - y. What is the hundreds digit of v?
2
Suppose 0 = 4*u - 8, -138*u + 139*u = 4*a - 119358. What is the ten thousands digit of a?
2
Suppose 11*c = -8*c + 76. Suppose -c*j = -0*j - b - 596, 2*b = 2*j - 292. What is the tens digit of j?
5
Let w be (((-171)/(-27))/(-19))/(2/12). What is the tens digit of 8666/49 + w*6/(-84)?
7
Let n be (-2)/5*75/(-6). Suppose -n*b + 755 = 12*p - 9*p, -3*b - p = -457. What is the tens digit of b?
5
What is the ten thousands digit of ((-360)/(-33))/((-28)/(-83468))?
3
Let q(a) = a**2 + 21*a - 26. Let b be -1*(-1 - (-2)/(-2)). Let v(j) = j**2 + 22*j - 26. Let u(k) = b*v(k) - 3*q(k). What is the units digit of u(-20)?
6
Suppose 2*p = -p + 5*v + 949, 0 = 4*p + v - 1250. Suppose -4*x + 3*x = -p. Let d = x - 218. What is the tens digit of d?
9
Suppose -2338751 = 19*m - 136*m - 351389. What is the tens digit of m?
8
What is the hundreds digit of (-396)/(-24)*56/(-4)*8*-10?
4
Let s be 202/22 - (-2)/(-11). Suppose -s = -5*w + 2*w + 4*i, -2*w + 2*i + 6 = 0. Suppose -6*n - w*n + 630 = 0. What is the tens digit of n?
7
Suppose 15*f - 5*f - 55510 = -0*f. What is the thousands digit of f?
5
Suppose 6*a + 198*a - 14736270 = -205*a. What is the hundreds digit of a?
0
Let m = 619 + -615. Suppose -3939 = -m*d - 507. What is the tens digit of d?
5
Let r(o) = o**2 + 2*o - 6. Let f be r(2). Suppose 4*i + 8 = -0, -y = -f*i - 226. What is the units digit of y?
2
Let w(g) = -2*g**3 + 3*g**2 + 6*g + 3. Let v be w(3). Let l(f) = -28*f - 27. What is the tens digit of l(v)?
4
Let u = 15592 - 11248. What is the units digit of u?
4
Let c = 4983 + 18183. What is the thousands digit of c?
3
Suppose 3*z - 1 = 2*v + 14, 0 = 3*z + v - 15. What is the hundreds digit of (4 - z)*307*-1?
3
What is the units digit of (226 + 1/1)/(4 - (-1 - -4))?
7
Suppose 2*d = 4*j - 15646 + 1148, 0 = 7*j + 4*d - 25319. What is the units digit of j?
1
Suppose -2*v + 40 = -3*q, -5*q - 75 = -v - 4*v. Let n be (-2 + (-15)/q)*134. Let g = -37 - n. What is the tens digit of g?
3
Suppose -4*u + 3*o + 22060 = 0, 99*u - 101*u + 11016 = -5*o. What is the units digit of u?
8
Suppose -p - 115 + 118 = 0. Suppose 5853 = 5*n + p*i - 1273, 0 = 3*i - 6. What is the tens digit of n?
2
Suppose -2*n - 45232 = -3*a, -a - 5600 + 20656 = 2*n. What is the tens digit of a?
7
Let z(v) be the third derivative of v**6/120 - v**5/10 - 13*v**4/24 - 3*v**3/2 - v**2 + 28*v. What is the hundreds digit of z(10)?
2
Let j(m) = -461*m - 177. Let y(u) = -690*u - 266. Let h(v) = -8*j(v) + 5*y(v). What is the thousands digit of h(5)?
1
Suppose h - 12 - 10 = 5*q, -6 = 5*h + 4*q. Suppose -4*x + 1300 = h*m, 5*m - 2941 - 337 = -3*x. What is the tens digit of m?
5
Let s = 2932 + -1778. Let h = s - 590. What is the tens digit of h?
6
Let f(i) = 37*i**3 + 1297*i**2 - 49*i - 30. What is the tens digit of f(-34)?
2
L